{"id":26,"date":"2016-12-31T17:26:56","date_gmt":"2016-12-31T16:26:56","guid":{"rendered":"http:\/\/hermes.hsu-hh.de\/zeitgerecht\/?page_id=26"},"modified":"2017-06-01T19:02:08","modified_gmt":"2017-06-01T17:02:08","slug":"projektpartner","status":"publish","type":"page","link":"https:\/\/hermes.hsu-hh.de\/zeitgerecht\/projektpartner\/","title":{"rendered":"Projektpartner"},"content":{"rendered":"<p><a href=\"http:\/\/www.hsu-hh.de\/ipa\/index_lKd9fztNHCgzIra7.html\">Helmut-Schmidt-Universit\u00e4t, Hamburg<\/a>, Institut f\u00fcr Personal und Arbeit, Prof. <abbr title=\"Doktor\">Dr.<\/abbr> Wenzel Matiaske:<br \/>\nProjektleitung, Teilprojekt &#8222;Arbeits- und Sozialzeit &#8211; Zeit f\u00fcr Vereinbarkeit&#8220;<\/p>\n<p style=\"padding-left: 30px\"><strong>Projektleitung:<\/strong><br \/>\nDr. Doris Holtmann<br \/>\nT:\u00a0+49 40 6541-2133<br \/>\nE:\u00a0holtmann@hsu-hh.de<\/p>\n<p><a href=\"https:\/\/www.uni-flensburg.de\/sozial-und-bildungsoekonomik\/\">Universit\u00e4t Flensburg<\/a>, Institut f\u00fcr Internationales Management und \u00f6konomische Bildung, Prof. <abbr title=\"Doktor\">Dr.<\/abbr> Gerd Gr\u00f6zinger:<br \/>\nTeilprojekt &#8222;Erreichbare Zeitressourcen&#8220;<\/p>\n<p style=\"padding-left: 30px\"><strong>Ansprechpartnerin:<\/strong><br \/>\nMarlene Langholz-Kaiser<br \/>\nT: +49 461 805-2838<br \/>\nE: marlene.langholz@uni-flensburg.de<\/p>\n<p><a href=\"http:\/\/www.medicalschool-hamburg.de\/\">Medical School Hamburg<\/a>,\u00a0Professur f\u00fcr Arbeits- und Organisationspsychologie, Prof. <abbr title=\"Doktor\">Dr.<\/abbr> Jan Dettmers:<br \/>\nTeilprojekt &#8222;Zeitkonflikte und Gesundheit &#8211; Ans\u00e4tze zur Pr\u00e4vention&#8220;<\/p>\n<p style=\"padding-left: 30px\"><strong>Ansprechpartnerin:<\/strong><br \/>\nJana Biemelt<br \/>\nT: +49 40 361 2264-9370<br \/>\nE: jana.biemelt@medicalschool-hamburg.de<\/p>\n<p><a href=\"http:\/\/www.flensburg.de\/\">Stadt Flensburg<\/a>, B\u00fcro f\u00fcr Grundsatzangelegenheiten,\u00a0Olaf Carstensen:<br \/>\nTeilprojekt &#8222;Zeitgerechte Modelle &#8211; Die Rolle der Kommune&#8220;<\/p>\n<p style=\"padding-left: 30px\"><strong>Ansprechpartnerin:<\/strong><br \/>\nSvenja Mix<br \/>\nT: +49 461 85-2825<br \/>\nE: mix.svenja@flensburg.de<\/p>\n<p><a href=\"https:\/\/www.adelby1.de\/\">Adelby 1, Kinder- und Jugenddienste<\/a>, Heiko Frost, Gesch\u00e4ftsf\u00fchrer:<br \/>\nTeilprojekt\u00a0&#8222;Zeitgerechte Modelle &#8211; Zeit f\u00fcr Kinder&#8220;<\/p>\n<p style=\"padding-left: 30px\"><strong>Ansprechpartnerin:<\/strong><br \/>\nEva Manovi<br \/>\nT: +49 160 584 3768<br \/>\nE:\u00a0emanovi@adelby1.de<\/p>\n<p><a href=\"http:\/\/www.sdu.de\/\">Sydslesvigs danske Ungdomsforeninger e.V.<\/a>,\u00a0Anders Kring, Direktor:<br \/>\nTeilprojekt &#8222;Zeitgerechte Modelle &#8211; Von Nachbarn lernen&#8220;<\/p>\n<p style=\"padding-left: 30px\"><strong>Ansprechpartnerin:<\/strong><br \/>\nFarida Eckardt<br \/>\nT: +49 178 450 7407<br \/>\nE:\u00a0farida@sdu.de<\/p>\n","protected":false},"excerpt":{"rendered":"<p>Helmut-Schmidt-Universit\u00e4t, Hamburg, Institut f\u00fcr Personal und Arbeit, Prof. Dr. Wenzel Matiaske: Projektleitung, Teilprojekt &#8222;Arbeits- und Sozialzeit &#8211; Zeit f\u00fcr Vereinbarkeit&#8220; Projektleitung: Dr. Doris Holtmann T:\u00a0+49 40 6541-2133 E:\u00a0holtmann@hsu-hh.de Universit\u00e4t Flensburg, Institut f\u00fcr Internationales Management und \u00f6konomische Bildung, Prof. Dr. Gerd Gr\u00f6zinger: Teilprojekt &#8222;Erreichbare Zeitressourcen&#8220; Ansprechpartnerin: Marlene Langholz-Kaiser T: +49 461 805-2838 E: marlene.langholz@uni-flensburg.de Medical School [&hellip;]<\/p>\n","protected":false},"author":10,"featured_media":0,"parent":0,"menu_order":0,"comment_status":"closed","ping_status":"closed","template":"","meta":{"footnotes":""},"class_list":["post-26","page","type-page","status-publish","hentry"],"_links":{"self":[{"href":"https:\/\/hermes.hsu-hh.de\/zeitgerecht\/wp-json\/wp\/v2\/pages\/26","targetHints":{"allow":["GET"]}}],"collection":[{"href":"https:\/\/hermes.hsu-hh.de\/zeitgerecht\/wp-json\/wp\/v2\/pages"}],"about":[{"href":"https:\/\/hermes.hsu-hh.de\/zeitgerecht\/wp-json\/wp\/v2\/types\/page"}],"author":[{"embeddable":true,"href":"https:\/\/hermes.hsu-hh.de\/zeitgerecht\/wp-json\/wp\/v2\/users\/10"}],"replies":[{"embeddable":true,"href":"https:\/\/hermes.hsu-hh.de\/zeitgerecht\/wp-json\/wp\/v2\/comments?post=26"}],"version-history":[{"count":3,"href":"https:\/\/hermes.hsu-hh.de\/zeitgerecht\/wp-json\/wp\/v2\/pages\/26\/revisions"}],"predecessor-version":[{"id":165,"href":"https:\/\/hermes.hsu-hh.de\/zeitgerecht\/wp-json\/wp\/v2\/pages\/26\/revisions\/165"}],"wp:attachment":[{"href":"https:\/\/hermes.hsu-hh.de\/zeitgerecht\/wp-json\/wp\/v2\/media?parent=26"}],"curies":[{"name":"wp","href":"https:\/\/api.w.org\/{rel}","templated":true}]}}